 - -101001?
101110011110100000
In base 12, what is -20b1a7 + 235?
-20ab72
In base 15, what is -21519 - -1ca?
-2133e
In base 12, what is -53 + -52841?
-52894
In base 7, what is -12 - -50404360?
50404345
In base 15, what is 11c27025 + -2?
11c27023
In base 13, what is -4 + 58748b?
587487
In base 14, what is -55 - 1dc15a?
-1dc1b1
In base 7, what is -3 - 2512153?
-2512156
In base 16, what is -51 + -6723e6?
-672437
In base 2, what is 101001111100011011010111010 - 101?
101001111100011011010110101
In base 3, what is 100201021101021 + 20221?
100201021122012
In base 15, what is 1927e - -13d9?
1a668
In base 14, what is -6a6 - 2b91?
-3457
In base 6, what is 3555 - 131132?
-123133
In base 16, what is -4ada - 14?
-4aee
In base 3, what is 21012021210102 - 100?
21012021210002
In base 11, what is -4a + 1745a86?
1745a37
In base 13, what is -1 + 170b8408?
170b8407
In base 11, what is 670 - 629a?
-572a
In base 4, what is -2111010 + 22203?
-2022201
In base 12, what is b4 + 6275?
6369
In base 4, what is -1022 + -2312320123?
-2312321211
In base 3, what is 1022000201222222 - -112?
1022000202000111
In base 15, what is -4068 - 58b?
-4604
In base 5, what is 130 + -4222121?
-4221441
In base 16, what is -2f4 + 5354?
5060
In base 10, what is 604596 - 90?
604506
In base 7, what is 5 - -44644565?
44644603
In base 12, what is 1474 + -11ab?
285
In base 4, what is 131132 + 2023211?
2221003
In base 13, what is 50 + -349948?
-3498c8
In base 4, what is -10 + -23311202013102?
-23311202013112
In base 16, what is -52 + 643bb3?
643b61
In base 8, what is 4 - 2370503?
-2370477
In base 13, what is 893b - -39?
8977
In base 13, what is -b37a44 - aa?
-b37b21
In base 11, what is 5 + 211754?
211759
In base 3, what is -11122 + -112211021020111?
-112211021102010
In base 7, what is 2306353 - -16?
2306402
In base 4, what is -2 - 10323101101320?
-10323101101322
In base 4, what is -330021311 - 13313?
-330101230
In base 9, what is 0 - 133868377?
-133868377
In base 2, what is -10011101001 - -101010101?
-1110010100
In base 10, what is -173530 + 4?
-173526
In base 13, what is 83 - -436?
4b9
In base 8, what is -23063412 + 2?
-23063410
In base 6, what is 22015 - 4422?
13153
In base 13, what is -179495 + 23?
-179472
In base 13, what is -773a3 - 31?
-77404
In base 6, what is 0 + 3005444313?
3005444313
In base 9, what is 144820432 + -6?
144820425
In base 11, what is -9097 - 9237?
-17323
In base 13, what is -1a1bac + -23?
-1a1c02
In base 15, what is -432 + a11ed?
a0cbb
In base 7, what is 1616 - 1200240?
-1165321
In base 3, what is -1102102110201111 - 1?
-1102102110201112
In base 15, what is 37 - a9cab?
-a9c74
In base 7, what is -50415653 - 12?
-50415665
In base 5, what is 4 - 11003304341?
-11003304332
In base 2, what is 1 + 101110010101000110000100?
101110010101000110000101
In base 13, what is -2 + -190823?
-190825
In base 5, what is -130043 + 240034?
104441
In base 3, what is 10020000 - -1001121?
11021121
In base 11, what is 4 + 8989178?
8989181
In base 16, what is -201c076 + -1?
-201c077
In base 8, what is -444 - -56215?
55551
In base 12, what is -52b4 - 5b6?
-58aa
In base 10, what is 2 - 16608235?
-16608233
In base 16, what is -60e6f + -44?
-60eb3
In base 15, what is -53801b7 + 1?
-53801b6
In base 6, what is 454150313 + -30?
454150243
In base 5, what is 22004 - 10334?
11120
In base 3, what is 1122 + -12120011010?
-12120002111
In base 15, what is -39 - 82836?
-82870
In base 3, what is 210002 - -102220122?
110200201
In base 6, what is -133002 + 200200?
23154
In base 4, what is -120011201 - 211?
-120012012
In base 13, what is 18bb7 + 644?
1952b
In base 5, what is -234430112010 + -4?
-234430112014
In base 11, what is 171 - 11548?
-11387
In base 5, what is 3 - -40110112?
40110120
In base 14, what is d3c43 - -2d?
d3c72
In base 2, what is -100010011111100010011 + 0?
-100010011111100010011
In base 8, what is 622123010 + -4?
622123004
In base 10, what is -831 + 392?
-439
In base 12, what is 16564 + 6?
1656a
In base 9, what is -253808383 - -3?
-253808380
In base 8, what is 40 + -4377?
-4337
In base 14, what is 409241 + 5?
409246
In base 5, what is 130122 + 42213?
222340
In base 3, what is 2202010 - 12002211?
-2100201
In base 2, what is -100100001011001110011110 - 101?
-100100001011001110100011
In base 4, what is 2232030202 - 10002?
2232020200
In base 3, what is -11011021021011 + -210?
-11011021021221
In base 8, what is -605572 + -50?
-605642
In base 13, what is -30b76 - 62?
-30c08
In base 11, what is -90441 + -94?
-90525
In base 5, what is -222234403 - 1124?
-222241032
In base 3, what is -11 - -20212020022122?
20212020022111
In base 8, what is -64 - -1527136?
1527052
In base 11, what is 1 + 55a61?
55a62
In base 13, what is 437254a - 2?
4372548
In base 15, what is 7 - ec6684?
-ec667c
In base 9, what is 3 - -8353107?
8353111
In base 11, what is 445 - 16606?
-16171
In base 2, what is 11101 + 1001001110111?
1001010010100
In base 15, what is -a62 + -870?
-13d2
In base 5, what is 4 - 31331201?
-31331142
In base 12, what is -30 - 870b380?
-870b3b0
In base 4, what is -33120 + -200121?
-233301
In base 12, what is -8 - 7b964a?
-7b9656
In base 5, what is -22110110 - 233?
-22110343
In base 8, what is -13307177153 + 1?
-13307177152
In base 7, what is 13506340 + -31?
13506306
In base 3, what is 202 + -210222102020111?
-210222102012202
In base 2, what is 1100001 - -10000000111000?
10000010011001
In base 14, what is -5 + -5d8b421?
-5d8b426
In base 11, what is -38a68 - -14298?
-24780
In base 13, what is 2 - 158a322?
-158a320
In base 14, what is -44cd560 + 11?
-44cd54d
In base 16, what is -6 - 3e3cd5?
-3e3cdb
In base 16, what is -3c7160 + 2?
-3c715e
In base 10, what is -2297 + -2209?
-4506
In base 3, what is -10 + -21002021022201?
-21002021022211
In base 2, what is -110100110100011010 - 0?
-110100110100011010
In base 12, what is 850 + 438?
1088
In base 2, what is 111100010000 - 1111011101?
101100110011
In base 7, what is -1346134 + -6?
-1346143
In base 7, what is -13020264 - 21?
-13020315
In base 3, what is 100101 + -2110102222102?
-2110102122001
In base 13, what is 31a96 - -ca?
31b93
In base 16, what is -133c6 - 39a?
-13760
In base 12, what is -6a0b304 + -4?
-6a0b308
In base 16, what is 74d49a + -1?
74d499
In base 4, what is -1031123003210 + -20?
-1031123003230
In base 8, what is 3 - -42370172?
42370175
In base 11, what is 7 + a46869?
a46875
In base 7, what is -2214 - -104053?
101536
In base 10, what is 3 + -112728137?
-112728134
In base 7, what is -4123 + 24004?
16551
In base 10, what is -2948 + 2303?
-645
In base 12, what is -2aab - -23a5?
-706
In base 12, what is 23 + -29207?
-291a4
In base 9, what is 43 + -1368373?
-1368330
In base 2, what is -10 - 1000010010011001110010110000?
-1000010010011001110010110010
In base 2, what is 111000001100100100110 + 1001?
111000001100100101111
In base 14, what is -87354 + -4c3?
-87837
In base 2, what is 101101 - -101101000110000110?
101101000110110011
In base 8, what is 1620315 - 1625?
1616470
In base 15, what is -4d + 14260?
14212
In base 4, what is -3 + -3113111021203?
-3113111021212
In base 13, what is 3 - -1ac774?
1ac777
In base 6, what is -2103 + 455205?
453102
In base 3, what is -1 - 20102012120220?
-20102012120221
In base 5, what is -212 - 11440243?
-11441010
In base 5, what is 1130142 + 10113?
1140310
In base 3, what is 20012120 + 2111121?
22201011
In base 6, what is -11 + 13135131421?
13135131410
In base 14, what is 8b + 12c79?
12d26
In base 12, what is -10a13501 + 5?
-10a134b8
In base 10, what is -13615129 - -33?
-13615096
In base 11, what is -11868 + 20aa?
-a769
In base 7, what is 2623551 + 1262?
2625143
In base 12, what is 11a3 - -1266?
2449
In base 2, what is -11 - -111101101100010010000?
111101101100010001101
In base 13, what is -169214 - 310?
-169524
In base 13, what is -46 - 1c21c9?
-1c2242
In base 8, what is 2 - -472053512?
472053514
In base 14, what is 9232 + 9a46?
14c78
In base 4, what is -13211031 - -330123?
-12220302
In base 8, what is 6 - 23623202?
-23623174
In base 8, what is -472523 + -466?
-473211
In base 6, what is -150412 - 202010?
-352422
In base 4, what is 203212303322 - -22?
203212310010
In base 8, what is -374615132 - -1?
-374615131
In base 13, what is -69c48 - -59b?
-6967a
In base 8, what is 11211 + -135116?
-123705
In base 7, what is 446 + -244056?
-243310
